+ 19*n = 375. What is the highest common divisor of n and 15?
15
Let n be -1 - 1 - -33 - 3. What is the greatest common factor of 70 and n?
14
Suppose -4*s = 3*u - 7, -u + 10 = -4*s - 3. Suppose 4*a + 10 = u*a. Calculate the highest common factor of 30 and a.
10
Let f(r) = -r**3 + 7*r**2 - 5*r. Let v be f(6). Let n be (-3)/(30/8)*5. Let z = n + 6. Calculate the highest common divisor of z and v.
2
Suppose 2*l - 4*l + 80 = 0. Let a be l - (1 + 1 + -2). Let f be 819/169 - 2/(-13). What is the highest common factor of f and a?
5
Let j be (-12)/8*20/6. Let z be ((-2)/j)/((-3)/(-15)). Let y be z/5 - (-721)/35. Calculate the highest common factor of 14 and y.
7
Let x(u) = u. Let a be x(7). Suppose -16 = s - 5*s. Suppose s*v + 0*f - 209 = -3*f, -4*v - 4*f + 204 = 0. Calculate the greatest common divisor of v and a.
7
Let t be (-1 + 12)/(3/3). What is the highest common factor of 88 and t?
11
Suppose -102 = -7*m + m. Calculate the greatest common factor of m and 51.
17
Suppose -n + 39 = -3*v, 0 = -2*n - 2*n + 3*v + 165. What is the highest common factor of 42 and n?
42
Let g(w) = 19*w - 15. Let q be g(6). Let c = 29 + -20. What is the greatest common divisor of q and c?
9
Suppose 3 = -0*p + 3*p. Let w be p*-26*(-3)/6. Calculate the greatest common factor of w and 143.
13
Suppose 0 = -3*t + 167 + 103. Suppose j + j + 80 = 4*a, 3*a - j - 58 = 0. Calculate the greatest common factor of a and t.
18
Let v be ((-72)/(-42))/(4/42). Let h = v - 11. Calculate the greatest common factor of 35 and h.
7
Let i be (-3)/(-4)*(-1 + 5). Suppose -i*b = -4*s - 132, 40 = -5*b - 5*s + 295. Calculate the highest common divisor of 12 and b.
12
Suppose -2*y - 438 = -4*x, -5*y - 100 + 13 = -x. What is the highest common factor of x and 14?
14
Let h(f) = 5*f + 2. Let l be h(10). What is the greatest common factor of l and 13?
13
Suppose 3*l = 2*l. Suppose -4*p = -l*p - 208. Let h = p + 68. Calculate the highest common divisor of h and 15.
15
Let w be (-5 + 5)*2/4. Suppose w*b = -5*b + 90. Calculate the greatest common factor of 6 and b.
6
Let u be 3/(-18)*3*-12. Let q be (-3)/(-6) + 9/(-2). Let i be ((-6)/(-4))/((-2)/q). What is the highest common factor of i and u?
3
Suppose t + 3*t - 8 = 0. What is the greatest common divisor of 16 and t?
2
Suppose 4*m - 2*i = 396, i + 396 = 4*m + 2*i. Calculate the greatest common factor of 9 and m.
9
Let h(u) = -u - 1 - 2 - u**2 + 5. Let t be h(0). Suppose 0 = q + t*i - 12, -5*q = 5*i - 18 - 17. What is the greatest common factor of 10 and q?
2
Let d be (2/(-5))/(2/(-120)). Let a be ((-16)/d)/((-2)/21). Suppose -2*p + n = -19, p - 2*n - a = -n. What is the highest common divisor of 24 and p?
12
Suppose -q - 5*r = -4, -2*r = 4*q + 3*r - 16. Let n(a) = 2*a + 3*a + 20 - q*a - a**2. Let i be n(0). What is the greatest common factor of i and 30?
10
Let x = 118 - 165. Let t = -11 - x. What is the greatest common divisor of 90 and t?
18
Let c = 0 - -3. Let r be 79 + -3*c/(-9). Calculate the greatest common factor of 32 and r.
16
Let o be 69/9 - 2/(-6). Suppose 255 = -3*z + 1047. Suppose -3*r = -0*r - z. What is the greatest common divisor of r and o?
8
Let b be ((-6)/(-4))/((-2)/(-12)). Let y = 24 + -18. What is the greatest common divisor of y and b?
3
Suppose -15*n = -6*n - 729. Calculate the highest common factor of 108 and n.
27
Let w(d) = -d**3 + 2*d**2 + 5*d - 2. Let l be w(3). Suppose -b - 7*b = -64. Calculate the highest common factor of b and l.
4
Let y = 19 + 15. Calculate the highest common divisor of y and 68.
34
Suppose 0 = 5*y - 1468 - 292. Calculate the highest common factor of y and 32.
32
Let y(d) = 12*d + 4. Let b be y(3). Let m be (-5)/(-30) - 89/(-6). Suppose t + f - 17 = m, t + 5*f = b. What is the greatest common divisor of t and 12?
6
Let z = 161 - 85. Calculate the highest common divisor of z and 38.
38
Let w(u) = 6*u**2 - 7 - u**2 - 3*u**2 - 3*u**2 + 11*u. Let a be w(10). Suppose d = -a*d + 20. What is the highest common factor of 15 and d?
5
Suppose -3*j + j = -4. What is the greatest common factor of j and 5?
1
Let m be 15/4 - 3/(-12). Suppose 106 - 330 = -m*b. Calculate the highest common divisor of b and 14.
14
Let h = 60 - 24. Suppose -8*o + 13*o - 45 = 0. Calculate the highest common divisor of h and o.
9
Let x(l) = -l**3 - 2*l**2 - 9*l. Let t be x(-5). Calculate the highest common divisor of 45 and t.
15
Let f = 507 - 102. Suppose -7*q = -2*q - f. Calculate the greatest common factor of q and 9.
9
Let r(z) = 3*z**2 - 10*z + 7. Suppose a + 3 = 21. Suppose -a = 3*m - 6*m. Let f be r(m). Calculate the greatest common factor of 11 and f.
11
Let q = 13 - 0. Suppose r - 3*r = -3*z + 76, -5*z + 3*r = -127. What is the greatest common factor of z and q?
13
Let d be 1108/44 - (-2)/(-11). What is the greatest common divisor of d and 25?
25
Let p(j) = -j**3 + 8*j**2 + 7*j - 9. Let w be p(8). Suppose 3*q + 8 = w. Calculate the highest common divisor of 26 and q.
13
Suppose -2*x + 0*r = r + 13, 5*x - 5*r = -55. Let c(j) = j**3 + 8*j**2 + 1. Let w be c(x). What is the greatest common divisor of 9 and w?
1
Let o be (-1)/((-15)/(-9)) - (-114)/15. Suppose 5*f - 94 = t + 293, 4*t = -8. Calculate the highest common divisor of f and o.
7
Let v(k) = -k**3 - 9*k**2 - 9*k + 8. Let i(o) = -o**2 + o - 2. Let q be i(3). Let m be v(q). Calculate the greatest common factor of 64 and m.
16
Suppose -72 + 247 = 5*j. Let a be (1 - (-3 - 2)) + -1. What is the highest common divisor of a and j?
5
Suppose -5*h = -20 - 10. Let l be 4866/27 + 4/(-18). Suppose l = 6*c - c. What is the greatest common divisor of h and c?
6
Suppose 5*u - 26 = -3*v + v, -10 = -2*v - u. Suppose o - 12 = -v*o. Calculate the highest common factor of 21 and o.
3
Suppose 3 = 2*h + 1. Let n be (-2)/(-6)*(22 - h). Calculate the greatest common divisor of 7 and n.
7
Let j be (-256)/(-14) - 2/7. Suppose -3*b + 2*b = 1. Let u be ((-6)/(-4))/(b/(-6)). Calculate the highest common divisor of j and u.
9
Suppose -4*f + 52 = -2*f. Calculate the highest common divisor of f and 208.
26
Let a(q) = -2*q - 55. Let u be a(-29). What is the highest common divisor of 3 and u?
3
Suppose 5*s = -20, 5*h + 5*s - 13 = -68. Let a(g) = g**2 + 4*g. Let x be a(h). Calculate the greatest common factor of x and 105.
21
Suppose l + 0*l = 1, 0 = -r - 4*l + 92. What is the highest common factor of 11 and r?
11
Let c(l) = l - 7. Let s be c(17). Suppose 2*t = t + s. Calculate the highest common divisor of t and 70.
10
Let f be (-1 - (0 - 2))/((-1)/(-6)). Calculate the greatest common factor of f and 42.
6
Let y(c) = 2*c**2 + c. Suppose -b + 0*b = 0. Let g = 2 - b. Let d be y(g). What is the highest common divisor of d and 20?
10
Let o = -6 + 12. Suppose 4*q - 3*c - 49 = 0, -c + o*c = -2*q + 5. What is the greatest common factor of 2 and q?
2
Let r be (-9)/(-3) + (-12)/(-8)*34. Let o = -25 + 43. Calculate the greatest common factor of r and o.
18
Let m be (-1464)/(-60) + (-3)/(-5). Let u = 30 - m. Calculate the highest common factor of u and 55.
5
Suppose -3*s + 0*s - 5*v + 305 = 0, 265 = 3*s - 5*v. What is the highest common divisor of 38 and s?
19
Let n(f) = 4*f + 1. Let r be n(1). Suppose r*h - 5*g - 640 = 0, -h + 71 + 77 = 3*g. Calculate the highest common factor of h and 19.
19
Suppose -2*y - 3 + 11 = 0. Let n be -3 - (-4)/(4/3). Suppose d - y*d + 36 = n. Calculate the greatest common factor of d and 48.
12
Let w be 5/(10/196) + 1. Let u(o) = -o**3 - 9*o**2 + 10*o + 11. Let j be u(-10). Calculate the highest common divisor of j and w.
11
Let f be 51 + (3 + 0)*-1. What is the greatest common divisor of 192 and f?
48
Let m(n) = -n**3 + 3*n**2 + 6*n - 3. Let i = 10 + -6. Let j be m(i). Calculate the highest common factor of j and 5.
5
Let v = -35 - -71. What is the greatest common divisor of 324 and v?
36
Let y = -5 + 6. Calculate the greatest common divisor of y and 4.
1
Suppose 2*c = 0, -4*c + 25 = 5*p - 5. Let f be (40 - 2) + 2 + 2. Calculate the highest common divisor of f and p.
6
Let m(h) = -h**2 - 24*h + 64. Let t be m(-26). Suppose -2*q - 22 + 190 = 0. Calculate the highest common factor of q and t.
12
Suppose r - 20 = 2. Calculate the greatest common divisor of r and 88.
22
Let i = 7 + -4. Let h be (-8)/12 - (-17)/i. What is the greatest common divisor of h and 25?
5
Suppose -3*d + 7*d - 12 = 0.